{"id":23,"date":"2020-02-13T18:52:10","date_gmt":"2020-02-13T17:52:10","guid":{"rendered":"http:\/\/civerny.cz\/?page_id=23"},"modified":"2024-12-30T16:52:42","modified_gmt":"2024-12-30T15:52:42","slug":"o-me","status":"publish","type":"page","link":"http:\/\/civerny.cz\/?page_id=23","title":{"rendered":"DOM\u016e"},"content":{"rendered":"\n<p>Tak jak jsem se k focen\u00ed vlastn\u011b dostal?<br>Jako grafik pracuj\u00edc\u00ed v jednom velk\u00e9m vydavatelstv\u00ed jsem neust\u00e1le hledal ve fotobank\u00e1ch spousty fotografi\u00ed, vhodn\u00fdch pro mou pr\u00e1ci. A jednoho dne jsem si fotku z nouze nafotil s\u00e1m. <br>A bylo hotovo. Jsem grafik , je\u017e za\u010dal fotit. Jeliko\u017e jsem od d\u011btstv\u00ed chodil fotit s d\u011bdou a pozoroval ho p\u0159i jeho pr\u00e1ci nebylo moc t\u011b\u017ek\u00e9 fotografov\u00e1n\u00ed propadnout.<br>Fotky jsem upravoval d\u00e1vno p\u0159ed t\u00edm, ne\u017e jsem za\u010dal fotit. <br>Proces tvorby , to je o\u010d tu b\u011b\u017e\u00ed. Tak j\u00e1 zkr\u00e1tka tvo\u0159\u00edm.<br>R\u00e1d se s V\u00e1mi setk\u00e1m na osobn\u00ed sch\u016fzce, abychom si ujasnili Va\u0161i p\u0159edstavu o pr\u016fb\u011bhu<br>a rozsahu fotografov\u00e1n\u00ed. Ka\u017ed\u00fd bal\u00ed\u010dek v cen\u00edku lze upravit pro Va\u0161i konkr\u00e9tn\u00ed pot\u0159ebu.<\/p>\n\n\n\n<hr class=\"wp-block-separator has-alpha-channel-opacity is-style-wide\"\/>\n\n\n<figure class=\"wp-block-image aligncenter size-large is-resized\"><img loading=\"lazy\" decoding=\"async\" width=\"243\" height=\"96\" class=\"wp-image-753\" style=\"width: -358px; height: -142px;\" src=\"http:\/\/civerny.cz\/wp-content\/uploads\/2020\/03\/CAMELQUERQUE.png\" alt=\"\"><\/figure>\n\n\n<p>Jsem zakl\u00e1daj\u00edc\u00ed \u010dlen spolku neform\u00e1ln\u00edch um\u011blc\u016f <a href=\"http:\/\/www.camelquerque.cz\/projekty\/poezie-na-petrine\">Camelquerque<\/a>, kter\u00fd po\u0159\u00e1d\u00e1 b\u00e1snick\u00e1 setk\u00e1n\u00ed pod n\u00e1zvem Poezie na pet\u0159\u00edn\u011b a vyd\u00e1v\u00e1 b\u00e1snick\u00e9 sb\u00edrky.<\/p>\n\n\n\n<hr class=\"wp-block-separator has-css-opacity is-style-wide\"\/>\n\n\n\n<p><strong>TFP focen\u00ed vlastn\u00edch projekt\u016f<\/strong><br>Krom\u011b zak\u00e1zek fot\u00edm i sv\u00e9 vlastn\u00ed projekty pro \u00fa\u010dely obohacen\u00ed portfolia fotografi\u00ed. B\u011b\u017en\u011b se pou\u017e\u00edv\u00e1 zkr\u00e1tka TFP (Time For Prints) fotograf vlo\u017e\u00ed do d\u00edla svoji invenci, um a techniku a model svou tv\u00e1\u0159 a t\u011blo. Ani jedna strana si ne\u00fa\u010dtuje odm\u011bnu, proto\u017ee tou jsou jim spole\u010dn\u011b vytvo\u0159en\u00e9 fotografie.<br><br><strong> Podm\u00ednky pro focen\u00ed formou TFP<\/strong><br> a)&nbsp;&nbsp;&nbsp;&nbsp; Fotky z focen\u00ed vyb\u00edr\u00e1 fotograf.<br> b)&nbsp;&nbsp;&nbsp;&nbsp; Upraven\u00e9 fotky budou zve\u0159ejn\u011bny.<br> c)&nbsp;&nbsp;&nbsp;&nbsp; Focen\u00ed v\u011bt\u0161inou prob\u00edh\u00e1 tak, \u017ee se potk\u00e1me nejl\u00e9pe v kav\u00e1rn\u011b a domluv\u00edme<br>         podrobnosti a rozsah focen\u00ed. Pak vyraz\u00edme rovnou fotit, pokud jde o venkovn\u00ed portr\u00e9t.<br> d)&nbsp;&nbsp;&nbsp;&nbsp; Pokud jde o fotky zahrnuj\u00edc\u00ed nahotu (glamour, akty atd.), domluv\u00edme se na lokaci <br>          a podrobnostech samotn\u00e9ho focen\u00ed. Upraven\u00e9 fotografie pos\u00edl\u00e1m nejd\u0159\u00edve ke <br>          schv\u00e1len\u00ed pak teprve publikuji .<br> e)&nbsp;&nbsp;&nbsp;&nbsp; Kdy\u017e fotky zve\u0159ejn\u00edte, uve\u010fte m\u011b v\u017edy jako autora. <\/p>\n\n\n\n<p><strong>Modelky do sv\u00fdch projekt\u016f<\/strong> <br>si vyb\u00edr\u00e1m s\u00e1m, ale pokud m\u00e1te dobr\u00fd n\u00e1pad, \u010di zn\u00e1te zaj\u00edmavou lokalitu kde bychom mohli fotit. Ozv\u011bte se mi na <a href=\"mailto:janciverny@gmail.com\"><strong>janciverny@gmail.com<\/strong> <\/a><\/p>\n\n\n\n<hr class=\"wp-block-separator has-css-opacity is-style-wide\"\/>\n\n\n\n<div class=\"wp-block-button alignright\"><a class=\"wp-block-button__link wp-element-button\" href=\"http:\/\/civerny.cz\/\" style=\"border-radius:50px\">zp\u011bt<\/a><\/div>\n","protected":false},"excerpt":{"rendered":"<p>Tak jak jsem se k focen\u00ed vlastn\u011b dostal?Jako grafik pracuj\u00edc\u00ed v jednom velk\u00e9m vydavatelstv\u00ed jsem neust\u00e1le hledal ve fotobank\u00e1ch spousty fotografi\u00ed, vhodn\u00fdch pro mou pr\u00e1ci. A jednoho dne jsem si fotku z nouze nafotil s\u00e1m. A bylo hotovo. Jsem grafik , je\u017e za\u010dal fotit. Jeliko\u017e &hellip; <a href=\"http:\/\/civerny.cz\/?page_id=23\" class=\"more-link\"><span>Continue reading<span class=\"screen-reader-text\">DOM\u016e<\/span><\/span><\/a><\/p>\n","protected":false},"author":1,"featured_media":0,"parent":0,"menu_order":0,"comment_status":"closed","ping_status":"closed","template":"","meta":{"ngg_post_thumbnail":0,"footnotes":""},"class_list":["post-23","page","type-page","status-publish","hentry"],"_links":{"self":[{"href":"http:\/\/civerny.cz\/index.php?rest_route=\/wp\/v2\/pages\/23","targetHints":{"allow":["GET"]}}],"collection":[{"href":"http:\/\/civerny.cz\/index.php?rest_route=\/wp\/v2\/pages"}],"about":[{"href":"http:\/\/civerny.cz\/index.php?rest_route=\/wp\/v2\/types\/page"}],"author":[{"embeddable":true,"href":"http:\/\/civerny.cz\/index.php?rest_route=\/wp\/v2\/users\/1"}],"replies":[{"embeddable":true,"href":"http:\/\/civerny.cz\/index.php?rest_route=%2Fwp%2Fv2%2Fcomments&post=23"}],"version-history":[{"count":29,"href":"http:\/\/civerny.cz\/index.php?rest_route=\/wp\/v2\/pages\/23\/revisions"}],"predecessor-version":[{"id":1749,"href":"http:\/\/civerny.cz\/index.php?rest_route=\/wp\/v2\/pages\/23\/revisions\/1749"}],"wp:attachment":[{"href":"http:\/\/civerny.cz\/index.php?rest_route=%2Fwp%2Fv2%2Fmedia&parent=23"}],"curies":[{"name":"wp","href":"https:\/\/api.w.org\/{rel}","templated":true}]}}

DOMŮ

<p>Tak jak jsem se k focení vlastně dostal?<br>Jako grafik pracující v jednom velkém vydavatelství jsem neustále hledal ve fotobankách spousty fotografií, vhodných pro mou práci. A jednoho dne jsem si fotku z nouze nafotil sám. <br>A bylo hotovo. Jsem grafik , jež začal fotit. Jelikož jsem od dětství chodil fotit s dědou a pozoroval ho při jeho práci nebylo moc těžké fotografování propadnout.<br>Fotky jsem upravoval dávno před tím, než jsem začal fotit. <br>Proces tvorby , to je oč tu běží. Tak já zkrátka tvořím.<br>Rád se s Vámi setkám na osobní schůzce, abychom si ujasnili Vaši představu o průběhu<br>a rozsahu fotografování. Každý balíček v ceníku lze upravit pro Vaši konkrétní potřebu.</p>



<hr class="wp-block-separator has-alpha-channel-opacity is-style-wide"/>


<figure class="wp-block-image aligncenter size-large is-resized"><img loading="lazy" decoding="async" width="243" height="96" class="wp-image-753" style="width: -358px; height: -142px;" src="http://civerny.cz/wp-content/uploads/2020/03/CAMELQUERQUE.png" alt=""></figure>


<p>Jsem zakládající člen spolku neformálních umělců <a href="http://www.camelquerque.cz/projekty/poezie-na-petrine">Camelquerque</a>, který pořádá básnická setkání pod názvem Poezie na petříně a vydává básnické sbírky.</p>



<hr class="wp-block-separator has-css-opacity is-style-wide"/>



<p><strong>TFP focení vlastních projektů</strong><br>Kromě zakázek fotím i své vlastní projekty pro účely obohacení portfolia fotografií. Běžně se používá zkrátka TFP (Time For Prints) fotograf vloží do díla svoji invenci, um a techniku a model svou tvář a tělo. Ani jedna strana si neúčtuje odměnu, protože tou jsou jim společně vytvořené fotografie.<br><br><strong> Podmínky pro focení formou TFP</strong><br> a)&nbsp;&nbsp;&nbsp;&nbsp; Fotky z focení vybírá fotograf.<br> b)&nbsp;&nbsp;&nbsp;&nbsp; Upravené fotky budou zveřejněny.<br> c)&nbsp;&nbsp;&nbsp;&nbsp; Focení většinou probíhá tak, že se potkáme nejlépe v kavárně a domluvíme<br>         podrobnosti a rozsah focení. Pak vyrazíme rovnou fotit, pokud jde o venkovní portrét.<br> d)&nbsp;&nbsp;&nbsp;&nbsp; Pokud jde o fotky zahrnující nahotu (glamour, akty atd.), domluvíme se na lokaci <br>          a podrobnostech samotného focení. Upravené fotografie posílám nejdříve ke <br>          schválení pak teprve publikuji .<br> e)&nbsp;&nbsp;&nbsp;&nbsp; Když fotky zveřejníte, uveďte mě vždy jako autora. </p>



<p><strong>Modelky do svých projektů</strong> <br>si vybírám sám, ale pokud máte dobrý nápad, či znáte zajímavou lokalitu kde bychom mohli fotit. Ozvěte se mi na <a href="mailto:janciverny@gmail.com"><strong>janciverny@gmail.com</strong> </a></p>



<hr class="wp-block-separator has-css-opacity is-style-wide"/>



<div class="wp-block-button alignright"><a class="wp-block-button__link wp-element-button" href="http://civerny.cz/" style="border-radius:50px">zpět</a></div>

<p>Tak jak jsem se k focení vlastně dostal?Jako grafik pracující v jednom velkém vydavatelství jsem neustále hledal ve fotobankách spousty fotografií, vhodných pro mou práci. A jednoho dne jsem si fotku z nouze nafotil sám. A bylo hotovo. Jsem grafik , jež začal fotit. Jelikož &hellip; <a href="http://civerny.cz/?page_id=23" class="more-link"><span>Continue reading<span class="screen-reader-text">DOMŮ</span></span></a></p>
